 be the second derivative of x**3/3 + x**2 + 15*x. Let v(z) = -2*z - 3. Let u(r) = -4*k(r) - 3*v(r). Determine u(6).
-11
Let i(b) = -11*b - 256. Let x be i(-23). Let t(k) = 3*k + 7. Calculate t(x).
-2
Let y(v) be the second derivative of v**4/2 - v**2/2 - 4*v. Let o be y(1). Suppose 0 = x - o*c - 15, 3 = -c. Let f(m) = m**2 - m - 6. Give f(x).
-6
Let h(o) = 7*o + 4. Suppose -4*x + 35 - 45 = b, -4*x + 2*b = 16. Calculate h(x).
-17
Let j(a) be the first derivative of 2*a**3 - 2*a**2 + 3*a - 12. Give j(2).
19
Suppose 4*o + 2*i + 9 = o, -o - 3*i = 3. Let p(q) be the second derivative of -q**4/12 + 2*q**2 - 4*q. Determine p(o).
-5
Let j(d) = -111 + 116 - 6*d**2 + 5*d**2 + 2*d. Let a(w) = w**3 - 5*w**2 + 2. Let n be a(5). Suppose 0 = -n*f - 2*f + 16. Give j(f).
-3
Let i(s) be the second derivative of s**6/360 + s**5/120 + s**4/12 + 7*s**3/2 + 11*s. Let v(a) be the second derivative of i(a). Calculate v(-2).
4
Let x(f) = -f**3 + 6*f**2 + 2*f - 4. Suppose -16*h - 12 = -20*h. Let j = 8 - 5. Suppose -4*n + 20 + 6 = -2*v, n + j*v = h. Give x(n).
8
Let c = 1567 - 1568. Let d(q) = 28*q**3 + 2*q**2 + 2*q + 1. Calculate d(c).
-27
Let y = -1020 - -1016. Let p(t) = -t**3 - 4*t**2 - 3*t - 2. Determine p(y).
10
Let o(v) be the first derivative of -v**4/4 - v**3 - v - 54. Suppose 2*d = d - 3. Give o(d).
-1
Let t(p) be the second derivative of -p**4/12 + 5*p**3/3 - 9*p**2 + 4*p + 8. What is t(9)?
-9
Let v(g) = -g**2 - 7*g + 6. Suppose -2*i = 5*p - 31, 4*i + p + 2*p - 27 = 0. Suppose 3*n + 11 = -2*y, -n + i = 2*n. Determine v(y).
6
Let p(h) = 9*h**2 + 2*h + 17*h**3 - 16*h**3 + 13 - 3*h**2. What is p(-6)?
1
Let u(c) = c**2 + 2*c + 1. Let n(w) = -w + 9. Let g be n(9). Let k be ((-2)/6 + g)*0. Suppose k = 7*b - b + 6. Give u(b).
0
Let d(c) = c**2 + 2*c - 2. Let j be d(-3). Let w(a) = 1 + 5*a - 5 + 3. What is w(j)?
4
Let q(d) = d**3 + 18*d**2 + 19*d + 14. Let a(i) = -i**2 - i. Let f(b) = -4*a(b) - q(b). What is f(-13)?
12
Let n(v) = v**3 - 3*v**2 - v - 4. Let y = -3 + 13. Suppose -3*h = 1 - y. What is n(h)?
-7
Let m(s) be the third derivative of 0 - 3/2*s**3 - 1/12*s**4 + 11*s**2 + 0*s + 1/120*s**6 + 1/10*s**5. Determine m(-6).
3
Let b(x) = -x - 13. Let k = 699 - 707. Determine b(k).
-5
Let y(u) = -u**3 + 6*u**2 - 3*u - 6. Let o be ((-3)/21)/1 - 360/(-70). Determine y(o).
4
Let r(l) = 2*l**2 - 2*l - 3. Let w be (-9)/36 + 18/8. What is r(w)?
1
Let g(y) = 17*y - 6. Let n(s) = 5*s - 2. Let a(l) = -2*g(l) + 7*n(l). Let r be (1/3)/((-3)/(-45)). Suppose 15 + 5 = -r*m. Give a(m).
-6
Let s(o) = -o + 6. Let r(i) = -2*i + 13. Let q = -45 - -48. Let w(j) = q*r(j) - 5*s(j). Determine w(0).
9
Let r(i) = -i**3 - 4*i**2 + i + 3. Suppose -1 = -s - 0. Let k be 14/21*(s - 7). What is r(k)?
-1
Suppose -4*m = -3*o - 1, 6*o = -2*m + 9*o + 5. Let r(v) = 2*v**2 + 4*v + 4. Calculate r(m).
4
Let g(i) = 175*i**2 - 171*i**2 + 27 + i**3 - 6*i - 34. Suppose 0*k + k - 4*x = -5, -x + 15 = -3*k. Determine g(k).
-2
Let n(g) = -13 - 4*g**2 + 28 + 0*g**2 - 6 - 5*g + 5*g**2. Determine n(5).
9
Let b(v) = -5*v**2 + 10*v + 5*v**2 + v**2 - 7 - 7. Let s be b(-12). Let j(y) = 10*y**2 + 1 - y - y - s*y**2 + 13*y**3. Calculate j(1).
12
Let g(m) = 5*m + 28. Suppose 0*i + 2*i + 18 = -3*a, -2*i = -2*a - 2. Let b be g(a). Let o(u) = u**3 - 7*u**2 - 11*u + 11. What is o(b)?
-13
Suppose -3*r + 19 = -2*m, -2*r = 7*m - 2*m - 19. Let j(k) = k**3 - 6*k**2 - 7*k + 6. Determine j(r).
6
Let i(p) = p**2 + 10*p + 12. Let q(h) = -2*h**2 + 26*h + 30. Let x(s) = 2*s**2 - 26*s - 29. Let t(k) = -7*q(k) - 6*x(k). Let c be t(14). Determine i(c).
-4
Let r(v) be the third derivative of -v**4/24 - 2*v**3/3 - v**2. Let j(n) = -4*n**3 + 7*n + 7. Let l be j(-1). Determine r(l).
-8
Let m(l) = -4 - 6 + 16*l + l**2 + 3 - 11*l. Suppose 15*p = 10*p - 35. Calculate m(p).
7
Let q(p) = p**2 + p - 4. Let l(b) be the first derivative of -b**4/4 - 2*b**3 + 3*b**2 - 4*b + 4. Let g be l(-7). Suppose g = 4*n - 5*n. Determine q(n).
2
Let a(f) = -5*f**3 + 3*f - 2. Let n = 504 + -503. Give a(n).
-4
Suppose -5*d - 459 + 479 = 0. Let t(o) = -7*o + 7. Let k(w) = -3*w + 4. Let a(s) = -5*k(s) + 2*t(s). Calculate a(d).
-2
Let w(b) = b**2 - 2*b - 3. Let q be (84/(-91))/(4/(-26)). Calculate w(q).
21
Let s(k) = 7 - 5*k**2 + 6*k + 6*k**2 + 1. Suppose 0 = -19*z + 24*z + 30. Let y = z + 0. Calculate s(y).
8
Let m(i) = i**3 - i**2 - i. Let r be m(2). Let l(x) = -3*x - 36. Let o be l(-13). Let y(p) = -2*p**o + 7 - p**r - 4 - 2. What is y(1)?
-2
Let h(v) be the first derivative of -2*v**3/3 + 5*v**2/2 - 4*v + 1060. Suppose 6*t = 3*t + 9. What is h(t)?
-7
Let c = 57 + -48. Let w(o) = 1 - c*o - 250*o**2 + 4 + o**3 + 245*o**2. What is w(6)?
-13
Let w(o) = 5*o**3 + 3*o**2 + 3*o + 1. Suppose v + 3 - 6 = 2*u, -2*u - 2*v = 0. Let b be w(u). Let a(n) = -2*n - 2. Determine a(b).
6
Let n(x) = 3*x**2 - 41*x - 13. Let s be n(14). Let h(u) = 12*u**2 - u + 1. Calculate h(s).
12
Let b(x) be the first derivative of -x**3/3 + 4*x**2 - x - 148. Suppose -28 = -f - 3*f. Calculate b(f).
6
Let l(v) = 552*v**2 + 540*v**2 - 1093*v**2 + 3. Suppose -3*k + 2 = 11. What is l(k)?
-6
Let x(j) be the third derivative of 11*j**4/24 - j**3/6 + 5*j**2 + 8. Give x(2).
21
Suppose -q = -3*q + 6. Let x(o) = -274 + 2*o + 389 - 113. Give x(q).
8
Let t(r) = r**3 + 3*r**2 + 3*r - 2. Let d = 64 - 37. Let l = d - 30. What is t(l)?
-11
Let n = 14 - 4. Suppose -27 = -c + n*c. Let r(v) = -v**3 - 4*v**2 - v + 3. Give r(c).
-3
Let f(z) = -z + 1. Let c(b) = -5*b - 4. Let x(j) = c(j) + 5*f(j). Let o(v) = v**2 - 3 - 3*v - 3*v + 2. Let w be o(6). Determine x(w).
11
Let o(l) = -l**2 + 2*l + 17. Suppose 5*t = 4*a - 5, -2*t + 22 = 2*a + 2*t. Let g be o(a). Let z(s) = -s - g*s - s + 5*s + 4. Give z(-2).
2
Let l(m) = 7*m**3 + 6*m**2 - 6*m - 8. Let r(t) = 8*t**3 + 7*t**2 - 7*t - 9. Let c(v) = 7*l(v) - 6*r(v). Give c(2).
6
Let c(g) = -g**2 - 13*g - 28. Let u be c(-10). Let f(v) = 5*v**3 + v**3 - 1 - 5*v**3 + u*v + 2. Give f(-2).
-11
Let b(y) = 5*y**2 - 3*y - 1. Suppose 6*m = -20*m + 52. Calculate b(m).
13
Let c(w) = -w**3 - 6*w**2. Let x(k) = k**2 - 3*k**2 + 3*k**2 + 6 + 7*k. Let i be x(-3). What is c(i)?
0
Let c(g) = -g**3 - g**2 + 3. Let p(a) = -4*a + 1 + 1 - 2 - a**2. Let r be p(-4). Calculate c(r).
3
Let t(f) = -5*f + 44. Let j(z) = -18. Let h(x) = j(x) + t(x). Give h(6).
-4
Let n be (-27)/(-135) - (-366)/(-30). Let g(u) = -2*u - 28. Give g(n).
-4
Let l(b) be the second derivative of 7*b**6/720 + 17*b**4/6 + 45*b. Let q(o) be the third derivative of l(o). Determine q(-1).
-7
Let s(p) = -p**3 + p**2 + p - 1. Let h(i) = 3*i - 39. Let m be h(14). Let d(b) = -4*b**3 + 10*b**2 + 10*b + 3. Let r(f) = m*s(f) - d(f). Give r(8).
2
Let r be (10 + 48/(-5))/((-3)/(-45)). Let w(z) be the second derivative of 0 - z + 1/20*z**5 - 5/12*z**4 - 7/2*z**2 - 5/6*z**3. Determine w(r).
-1
Let c(o) = -2*o. Suppose 5*g + 2 = -3. Let s be g*8/(-12)*6. Suppose -4*w - 2*t = 14, -3*w + 2*t - s*t - 9 = 0. Determine c(w).
10
Let s(g) = g**3 - g**2 + 1. Let a(y) = 5*y**3 - 2*y**2 + y + 4. Let q(l) = a(l) - 4*s(l). Let u = 74 - 75. Let c be ((0 - 2) + u)*3/9. Determine q(c).
0
Let w be 67 + 4/(8/6). Let k(z) = w*z + 57*z - 142*z. Calculate k(-1).
15
Suppose -i + 34 = 49. Let a(t) = t**3 + 15*t**2 + t + 12. Determine a(i).
-3
Suppose 0 = -6*d + 11*d + 10, a + 5*d = -10. Let o(f) = -f**3 + 1. Let g(p) = 3*p**3 - 15. Suppose 6*n - n = 20. Let y(j) = n*o(j) + g(j). Calculate y(a).
-11
Let f(q) = q**2 + 8*q + 3. Suppose -4*o + 19*o - 420 = 0. Let u be (-14)/o*(-2 - -14). Calculate f(u).
-9
Let j(f) be the first derivative of f**2/2 - 4*f - 22. Calculate j(6).
2
Let d(m) = 3*m + 7. Suppose 0 = -4*u - n - 16, -3*u - 22 + 10 = n. Give d(u).
-5
Let w be (-406)/8 + (-33)/(-44). Let b = 52 + w. Let t(z) = z**2 - 2*z + 1. Calculate t(b).
1
Let v(y) = -7*y + 8. Suppose t = -2*z, -z - 3 = 4*z + t. Let g(s) = -s**2 - 1. Let k(r) = z*v(r) - g(r). Determine k(-7).
-7
Let n(y) = 18 - 35*y - 30*y + 22 + 58*y. Calculate n(6).
-2
Let l(y) = -y + 37. Let c be (32 - 26) + 12/(-2). What is l(c)?
37
Let j(s) = s**2 + 4. Let t(i) = i. Let x be t(0). Suppose -5*z = 3*g + 1 + 6, x = 4*g + 3*z + 13. Determine j(g).
20
Let x = 20 + -11. Let s be 0*(x/2 - 4). Let k(c) = c**2 - c + 16. Give k(s).
16
Let a(y) = -y**3 + 5*y**2. Let q be ((-22)/4)/((-1)/2). Let o(r) = 3*r**3 - 14*r**2 - 